{"id":271664,"date":"2025-05-09T18:06:41","date_gmt":"2025-05-09T18:06:41","guid":{"rendered":"https:\/\/aqualabprojects.cl\/?page_id=271664"},"modified":"2025-07-02T21:22:56","modified_gmt":"2025-07-02T21:22:56","slug":"monitoreo-clinico","status":"publish","type":"page","link":"https:\/\/aqualabprojects.cl\/index.php\/monitoreo-clinico\/","title":{"rendered":"Monitoreo Cl\u00ednico"},"content":{"rendered":"<p>[et_pb_section fb_built=\u00bb1&#8243; admin_label=\u00bbHeader\u00bb _builder_version=\u00bb4.20.0&#8243; _module_preset=\u00bbdefault\u00bb collapsed=\u00bbon\u00bb global_colors_info=\u00bb{}\u00bb][et_pb_row _builder_version=\u00bb4.24.0&#8243; _module_preset=\u00bbdefault\u00bb locked=\u00bboff\u00bb global_colors_info=\u00bb{}\u00bb][et_pb_column type=\u00bb4_4&#8243; _builder_version=\u00bb4.24.0&#8243; _module_preset=\u00bbdefault\u00bb global_colors_info=\u00bb{}\u00bb][et_pb_text _builder_version=\u00bb4.23.3&#8243; _module_preset=\u00bbe8c8b899-d26e-4f5d-8a7d-6b44eb2a793c\u00bb header_4_text_color=\u00bb#0788D9&#8243; locked=\u00bboff\u00bb global_colors_info=\u00bb{}\u00bb]<\/p>\n<h4>Servicios<\/h4>\n<p>[\/et_pb_text][et_pb_text _builder_version=\u00bb4.23.3&#8243; _module_preset=\u00bb5e44d19b-fd86-49cd-ba8f-2ed1b0c9473c\u00bb locked=\u00bboff\u00bb global_colors_info=\u00bb{}\u00bb]<\/p>\n<h1>Monitoreo Cl\u00ednico<\/h1>\n<p>[\/et_pb_text][et_pb_text _builder_version=\u00bb4.23.3&#8243; _module_preset=\u00bbcd427679-84e9-40ce-b247-ee3ca4f4b701&#8243; hover_enabled=\u00bb0&#8243; locked=\u00bboff\u00bb global_colors_info=\u00bb{}\u00bb sticky_enabled=\u00bb0&#8243;]<\/p>\n<p>El Monitoreo de Ensayos Cl\u00ednicos se caracteriza por un enfoque basado en las Normas y Leyes actuales para minimizar los riesgos en general, principalmente de los pacientes involucrados en los estudios y en una gesti\u00f3n proactiva para cumplir con la seguridad, integridad y validez de los estudios con un m\u00e1ximo beneficio. Algunos de los pasos cruciales que seguimos como monitores son:<\/p>\n<ul>\n<li>Evaluaci\u00f3n de riesgos del estudio<\/li>\n<li>Planificaci\u00f3n y dise\u00f1o del monitoreo, informes peri\u00f3dicos,<\/li>\n<li>Ejecuci\u00f3n del monitoreo con seguimiento centralizado y remoto,<\/li>\n<li>Evaluaci\u00f3n de lo ejecutado ya analisis de la mejora continua<\/li>\n<li>Cierre del Estudio e informe final.<\/li>\n<\/ul>\n<p>[\/et_pb_text][\/et_pb_column][\/et_pb_row][et_pb_row column_structure=\u00bb1_2,1_2&#8243; make_equal=\u00bbon\u00bb _builder_version=\u00bb4.24.0&#8243; _module_preset=\u00bbdefault\u00bb locked=\u00bboff\u00bb global_colors_info=\u00bb{}\u00bb][et_pb_column type=\u00bb1_2&#8243; _builder_version=\u00bb4.24.0&#8243; _module_preset=\u00bbdefault\u00bb global_colors_info=\u00bb{}\u00bb][et_pb_image src=\u00bbhttps:\/\/aqualabprojects.cl\/wp-content\/uploads\/2025\/07\/monitoreo.jpg\u00bb title_text=\u00bbmonitoreo\u00bb _builder_version=\u00bb4.23.3&#8243; _module_preset=\u00bbdefault\u00bb hover_enabled=\u00bb0&#8243; locked=\u00bboff\u00bb global_colors_info=\u00bb{}\u00bb sticky_enabled=\u00bb0&#8243;][\/et_pb_image][\/et_pb_column][et_pb_column type=\u00bb1_2&#8243; _builder_version=\u00bb4.24.0&#8243; _module_preset=\u00bbdefault\u00bb background_color=\u00bbgcid-9bb9bfe2-980a-472b-9544-d767cdb4022e\u00bb custom_padding=\u00bb40px|40px|40px|40px|true|true\u00bb global_colors_info=\u00bb{%22gcid-9bb9bfe2-980a-472b-9544-d767cdb4022e%22:%91%22background_color%22%93}\u00bb][et_pb_text _builder_version=\u00bb4.23.3&#8243; _module_preset=\u00bba0551d14-0518-4bc7-9d00-66df6c8e33b3&#8243; header_2_text_color=\u00bb#FFFFFF\u00bb global_colors_info=\u00bb{}\u00bb]<\/p>\n<h2>Consultas<\/h2>\n<p>Conversemos para realizar una cotizaci\u00f3n personalizada.<\/p>\n<p>[\/et_pb_text][et_pb_text _builder_version=\u00bb4.23.3&#8243; _module_preset=\u00bb6fb6abde-afff-4eaf-ba5f-77bdfe11d888&#8243; header_3_text_color=\u00bbgcid-36a744c3-3bc0-47a4-9493-942b5d904b59&#8243; global_colors_info=\u00bb{%22gcid-36a744c3-3bc0-47a4-9493-942b5d904b59%22:%91%22header_3_text_color%22%93}\u00bb]<\/p>\n<h3><a href=\"mailto:monitorclinico@aqualabprojects.cl\">monitorclinico@aqualabprojects.cl<\/a><\/h3>\n<p>[\/et_pb_text][\/et_pb_column][\/et_pb_row][\/et_pb_section]<\/p>\n<div class=\"pvc_clear\"><\/div>\n<p id=\"pvc_stats_271664\" class=\"pvc_stats total_only  \" data-element-id=\"271664\" style=\"\"><i class=\"pvc-stats-icon medium\" aria-hidden=\"true\"><svg aria-hidden=\"true\" focusable=\"false\" data-prefix=\"far\" data-icon=\"chart-bar\" role=\"img\" xmlns=\"http:\/\/www.w3.org\/2000\/svg\" viewBox=\"0 0 512 512\" class=\"svg-inline--fa fa-chart-bar fa-w-16 fa-2x\"><path fill=\"currentColor\" d=\"M396.8 352h22.4c6.4 0 12.8-6.4 12.8-12.8V108.8c0-6.4-6.4-12.8-12.8-12.8h-22.4c-6.4 0-12.8 6.4-12.8 12.8v230.4c0 6.4 6.4 12.8 12.8 12.8zm-192 0h22.4c6.4 0 12.8-6.4 12.8-12.8V140.8c0-6.4-6.4-12.8-12.8-12.8h-22.4c-6.4 0-12.8 6.4-12.8 12.8v198.4c0 6.4 6.4 12.8 12.8 12.8zm96 0h22.4c6.4 0 12.8-6.4 12.8-12.8V204.8c0-6.4-6.4-12.8-12.8-12.8h-22.4c-6.4 0-12.8 6.4-12.8 12.8v134.4c0 6.4 6.4 12.8 12.8 12.8zM496 400H48V80c0-8.84-7.16-16-16-16H16C7.16 64 0 71.16 0 80v336c0 17.67 14.33 32 32 32h464c8.84 0 16-7.16 16-16v-16c0-8.84-7.16-16-16-16zm-387.2-48h22.4c6.4 0 12.8-6.4 12.8-12.8v-70.4c0-6.4-6.4-12.8-12.8-12.8h-22.4c-6.4 0-12.8 6.4-12.8 12.8v70.4c0 6.4 6.4 12.8 12.8 12.8z\" class=\"\"><\/path><\/svg><\/i> <img loading=\"lazy\" decoding=\"async\" width=\"16\" height=\"16\" alt=\"Loading\" src=\"https:\/\/aqualabprojects.cl\/wp-content\/plugins\/page-views-count\/ajax-loader-2x.gif\" border=0 \/><\/p>\n<div class=\"pvc_clear\"><\/div>\n","protected":false},"excerpt":{"rendered":"<p>ServiciosMonitoreo Cl\u00ednicoEl Monitoreo de Ensayos Cl\u00ednicos se caracteriza por un enfoque basado en las Normas y Leyes actuales para minimizar los riesgos en general, principalmente de los pacientes involucrados en los estudios y en una gesti\u00f3n proactiva para cumplir con la seguridad, integridad y validez de los estudios con un m\u00e1ximo beneficio. Algunos de los [&hellip;]<\/p>\n<div class=\"pvc_clear\"><\/div>\n<p id=\"pvc_stats_271664\" class=\"pvc_stats total_only  \" data-element-id=\"271664\" style=\"\"><i class=\"pvc-stats-icon medium\" aria-hidden=\"true\"><svg aria-hidden=\"true\" focusable=\"false\" data-prefix=\"far\" data-icon=\"chart-bar\" role=\"img\" xmlns=\"http:\/\/www.w3.org\/2000\/svg\" viewBox=\"0 0 512 512\" class=\"svg-inline--fa fa-chart-bar fa-w-16 fa-2x\"><path fill=\"currentColor\" d=\"M396.8 352h22.4c6.4 0 12.8-6.4 12.8-12.8V108.8c0-6.4-6.4-12.8-12.8-12.8h-22.4c-6.4 0-12.8 6.4-12.8 12.8v230.4c0 6.4 6.4 12.8 12.8 12.8zm-192 0h22.4c6.4 0 12.8-6.4 12.8-12.8V140.8c0-6.4-6.4-12.8-12.8-12.8h-22.4c-6.4 0-12.8 6.4-12.8 12.8v198.4c0 6.4 6.4 12.8 12.8 12.8zm96 0h22.4c6.4 0 12.8-6.4 12.8-12.8V204.8c0-6.4-6.4-12.8-12.8-12.8h-22.4c-6.4 0-12.8 6.4-12.8 12.8v134.4c0 6.4 6.4 12.8 12.8 12.8zM496 400H48V80c0-8.84-7.16-16-16-16H16C7.16 64 0 71.16 0 80v336c0 17.67 14.33 32 32 32h464c8.84 0 16-7.16 16-16v-16c0-8.84-7.16-16-16-16zm-387.2-48h22.4c6.4 0 12.8-6.4 12.8-12.8v-70.4c0-6.4-6.4-12.8-12.8-12.8h-22.4c-6.4 0-12.8 6.4-12.8 12.8v70.4c0 6.4 6.4 12.8 12.8 12.8z\" class=\"\"><\/path><\/svg><\/i> <img loading=\"lazy\" decoding=\"async\" width=\"16\" height=\"16\" alt=\"Loading\" src=\"https:\/\/aqualabprojects.cl\/wp-content\/plugins\/page-views-count\/ajax-loader-2x.gif\" border=0 \/><\/p>\n<div class=\"pvc_clear\"><\/div>\n","protected":false},"author":1,"featured_media":0,"parent":0,"menu_order":0,"comment_status":"closed","ping_status":"closed","template":"","meta":{"_et_pb_use_builder":"on","_et_pb_old_content":"","_et_gb_content_width":"","footnotes":""},"class_list":["post-271664","page","type-page","status-publish","hentry"],"_links":{"self":[{"href":"https:\/\/aqualabprojects.cl\/index.php\/wp-json\/wp\/v2\/pages\/271664","targetHints":{"allow":["GET"]}}],"collection":[{"href":"https:\/\/aqualabprojects.cl\/index.php\/wp-json\/wp\/v2\/pages"}],"about":[{"href":"https:\/\/aqualabprojects.cl\/index.php\/wp-json\/wp\/v2\/types\/page"}],"author":[{"embeddable":true,"href":"https:\/\/aqualabprojects.cl\/index.php\/wp-json\/wp\/v2\/users\/1"}],"replies":[{"embeddable":true,"href":"https:\/\/aqualabprojects.cl\/index.php\/wp-json\/wp\/v2\/comments?post=271664"}],"version-history":[{"count":5,"href":"https:\/\/aqualabprojects.cl\/index.php\/wp-json\/wp\/v2\/pages\/271664\/revisions"}],"predecessor-version":[{"id":271834,"href":"https:\/\/aqualabprojects.cl\/index.php\/wp-json\/wp\/v2\/pages\/271664\/revisions\/271834"}],"wp:attachment":[{"href":"https:\/\/aqualabprojects.cl\/index.php\/wp-json\/wp\/v2\/media?parent=271664"}],"curies":[{"name":"wp","href":"https:\/\/api.w.org\/{rel}","templated":true}]}}