{"id":271671,"date":"2025-05-09T18:08:43","date_gmt":"2025-05-09T18:08:43","guid":{"rendered":"https:\/\/aqualabprojects.cl\/?page_id=271671"},"modified":"2025-10-28T21:27:26","modified_gmt":"2025-10-28T21:27:26","slug":"asesorias","status":"publish","type":"page","link":"https:\/\/aqualabprojects.cl\/index.php\/asesorias\/","title":{"rendered":"Asesorias"},"content":{"rendered":"<p>[et_pb_section fb_built=\u00bb1&#8243; admin_label=\u00bbHeader &#038; Services\u00bb _builder_version=\u00bb4.20.0&#8243; _module_preset=\u00bbdefault\u00bb custom_padding=\u00bb||5px|||\u00bb collapsed=\u00bbon\u00bb global_colors_info=\u00bb{}\u00bb][et_pb_row _builder_version=\u00bb4.24.0&#8243; _module_preset=\u00bbdefault\u00bb custom_padding=\u00bb0px||||false|false\u00bb global_colors_info=\u00bb{}\u00bb][et_pb_column type=\u00bb4_4&#8243; _builder_version=\u00bb4.20.0&#8243; _module_preset=\u00bbdefault\u00bb global_colors_info=\u00bb{}\u00bb][et_pb_text _builder_version=\u00bb4.23.3&#8243; _module_preset=\u00bb9cda8eb2-e036-4e88-95f1-4c52d45f405d\u00bb header_4_text_color=\u00bb#0788D9&#8243; global_colors_info=\u00bb{}\u00bb]<\/p>\n<h4>Servicios<\/h4>\n<p>[\/et_pb_text][et_pb_text _builder_version=\u00bb4.23.3&#8243; _module_preset=\u00bb8156ffcf-509d-4763-ae2f-05e9c106bd7f\u00bb global_colors_info=\u00bb{}\u00bb]<\/p>\n<h1>Asesor\u00edas<\/h1>\n<p>[\/et_pb_text][\/et_pb_column][\/et_pb_row][\/et_pb_section][et_pb_section fb_built=\u00bb1&#8243; admin_label=\u00bbServices\u00bb _builder_version=\u00bb4.24.0&#8243; _module_preset=\u00bbdefault\u00bb collapsed=\u00bbon\u00bb global_colors_info=\u00bb{}\u00bb][et_pb_row column_structure=\u00bb1_3,1_3,1_3&#8243; module_id=\u00bbasesoria_investigacion\u00bb _builder_version=\u00bb4.23.3&#8243; _module_preset=\u00bbdefault\u00bb border_color_all=\u00bbgcid-9bb9bfe2-980a-472b-9544-d767cdb4022e\u00bb border_width_bottom=\u00bb2px\u00bb locked=\u00bboff\u00bb global_colors_info=\u00bb{%22gcid-9bb9bfe2-980a-472b-9544-d767cdb4022e%22:%91%22border_color_all%22%93}\u00bb][et_pb_column type=\u00bb1_3&#8243; _builder_version=\u00bb4.24.0&#8243; _module_preset=\u00bbdefault\u00bb global_colors_info=\u00bb{}\u00bb][et_pb_text _builder_version=\u00bb4.23.3&#8243; _module_preset=\u00bb0014655e-500d-4e35-a6f1-ebf7f163b5ca\u00bb custom_margin=\u00bb||10px||false|false\u00bb global_colors_info=\u00bb{}\u00bb]<\/p>\n<h2>Asesor\u00eda en investigaci\u00f3n Cient\u00edfica y Buenas Practicas Cl\u00ednicas<\/h2>\n<p>[\/et_pb_text][\/et_pb_column][et_pb_column type=\u00bb1_3&#8243; _builder_version=\u00bb4.20.0&#8243; _module_preset=\u00bbdefault\u00bb global_colors_info=\u00bb{}\u00bb][et_pb_image src=\u00bbhttps:\/\/aqualabprojects.cl\/wp-content\/uploads\/2025\/05\/2148939115.jpg\u00bb title_text=\u00bb2148939115&#8243; _builder_version=\u00bb4.23.3&#8243; _module_preset=\u00bbdefault\u00bb global_colors_info=\u00bb{}\u00bb][\/et_pb_image][\/et_pb_column][et_pb_column type=\u00bb1_3&#8243; _builder_version=\u00bb4.24.0&#8243; _module_preset=\u00bbdefault\u00bb global_colors_info=\u00bb{}\u00bb][et_pb_text _builder_version=\u00bb4.23.3&#8243; _module_preset=\u00bbaf9ed68b-7654-4638-97bc-c287ef23d093&#8243; global_colors_info=\u00bb{}\u00bb]<\/p>\n<p style=\"text-align: justify;\">En investigaci\u00f3n cl\u00ednica nos centramos en<br \/>garantizar la calidad de la investigaci\u00f3n,<br \/>validar la metodolog\u00eda de an\u00e1lisis, y la<br \/>integridad de los resultados del estudio, en<br \/>funci\u00f3n de las normas y leyes vigentes. Se<br \/>debe asegurar que se cumplan los<br \/>principios \u00e9ticos, y que el riesgo sea el<br \/>m\u00ednimo esperado, junto con el m\u00e1ximo<br \/>beneficio.<\/p>\n<p>[\/et_pb_text][et_pb_button button_url=\u00bbhttps:\/\/aqualabprojects.cl\/index.php\/contacto\/\u00bb button_text=\u00bbCont\u00e1ctanos\u00bb _builder_version=\u00bb4.23.3&#8243; _module_preset=\u00bb01f315fd-aee5-462f-95bd-f21d365cb494&#8243; hover_enabled=\u00bb0&#8243; global_colors_info=\u00bb{}\u00bb sticky_enabled=\u00bb0&#8243;][\/et_pb_button][\/et_pb_column][\/et_pb_row][et_pb_row column_structure=\u00bb1_3,1_3,1_3&#8243; module_id=\u00bbasesoria_calidad\u00bb _builder_version=\u00bb4.23.3&#8243; _module_preset=\u00bbdefault\u00bb border_color_all=\u00bbgcid-9bb9bfe2-980a-472b-9544-d767cdb4022e\u00bb border_width_bottom=\u00bb2px\u00bb locked=\u00bboff\u00bb global_colors_info=\u00bb{%22gcid-9bb9bfe2-980a-472b-9544-d767cdb4022e%22:%91%22border_color_all%22%93}\u00bb][et_pb_column type=\u00bb1_3&#8243; _builder_version=\u00bb4.24.0&#8243; _module_preset=\u00bbdefault\u00bb global_colors_info=\u00bb{}\u00bb][et_pb_text _builder_version=\u00bb4.23.3&#8243; _module_preset=\u00bb0014655e-500d-4e35-a6f1-ebf7f163b5ca\u00bb custom_margin=\u00bb||10px||false|false\u00bb global_colors_info=\u00bb{}\u00bb]<\/p>\n<h2>Asesor\u00eda en Control de Calidad<\/h2>\n<p>[\/et_pb_text][\/et_pb_column][et_pb_column type=\u00bb1_3&#8243; _builder_version=\u00bb4.20.0&#8243; _module_preset=\u00bbdefault\u00bb global_colors_info=\u00bb{}\u00bb][et_pb_image src=\u00bbhttps:\/\/aqualabprojects.cl\/wp-content\/uploads\/2025\/05\/2148969967.jpg\u00bb title_text=\u00bb2148969967&#8243; _builder_version=\u00bb4.23.3&#8243; _module_preset=\u00bbdefault\u00bb global_colors_info=\u00bb{}\u00bb][\/et_pb_image][\/et_pb_column][et_pb_column type=\u00bb1_3&#8243; _builder_version=\u00bb4.24.0&#8243; _module_preset=\u00bbdefault\u00bb global_colors_info=\u00bb{}\u00bb][et_pb_text _builder_version=\u00bb4.23.3&#8243; _module_preset=\u00bbaf9ed68b-7654-4638-97bc-c287ef23d093&#8243; global_colors_info=\u00bb{}\u00bb]<\/p>\n<p>Nos enfocamos en identificar los requisitos<br \/>de calidad especialmente en las<br \/>necesidades del cliente. Planificar las<br \/>actividades para cumplirlos. Implementar<br \/>dichas actividades y posteriormente<br \/>evaluar los resultados. Con posterioridad<br \/>se arma un plan correctivo que debe ser<br \/>ejecutado de manera continua.<\/p>\n<p>[\/et_pb_text][et_pb_button button_url=\u00bbhttps:\/\/aqualabprojects.cl\/index.php\/contacto\/\u00bb button_text=\u00bbCont\u00e1ctanos\u00bb _builder_version=\u00bb4.23.3&#8243; _module_preset=\u00bb01f315fd-aee5-462f-95bd-f21d365cb494&#8243; global_colors_info=\u00bb{}\u00bb][\/et_pb_button][\/et_pb_column][\/et_pb_row][et_pb_row column_structure=\u00bb1_3,1_3,1_3&#8243; module_id=\u00bbasesoria_seguridad\u00bb _builder_version=\u00bb4.23.3&#8243; _module_preset=\u00bbdefault\u00bb border_color_all=\u00bbgcid-9bb9bfe2-980a-472b-9544-d767cdb4022e\u00bb border_width_bottom=\u00bb2px\u00bb locked=\u00bboff\u00bb global_colors_info=\u00bb{%22gcid-9bb9bfe2-980a-472b-9544-d767cdb4022e%22:%91%22border_color_all%22%93}\u00bb][et_pb_column type=\u00bb1_3&#8243; _builder_version=\u00bb4.24.0&#8243; _module_preset=\u00bbdefault\u00bb global_colors_info=\u00bb{}\u00bb][et_pb_text _builder_version=\u00bb4.23.3&#8243; _module_preset=\u00bb0014655e-500d-4e35-a6f1-ebf7f163b5ca\u00bb custom_margin=\u00bb||10px||false|false\u00bb global_colors_info=\u00bb{}\u00bb]<\/p>\n<h2>Asesor\u00eda en Seguridad Industrial<\/h2>\n<p>[\/et_pb_text][\/et_pb_column][et_pb_column type=\u00bb1_3&#8243; _builder_version=\u00bb4.20.0&#8243; _module_preset=\u00bbdefault\u00bb global_colors_info=\u00bb{}\u00bb][et_pb_image src=\u00bbhttps:\/\/aqualabprojects.cl\/wp-content\/uploads\/2025\/05\/296439.jpg\u00bb title_text=\u00bb296439&#8243; _builder_version=\u00bb4.23.3&#8243; _module_preset=\u00bbdefault\u00bb global_colors_info=\u00bb{}\u00bb][\/et_pb_image][\/et_pb_column][et_pb_column type=\u00bb1_3&#8243; _builder_version=\u00bb4.24.0&#8243; _module_preset=\u00bbdefault\u00bb global_colors_info=\u00bb{}\u00bb][et_pb_text _builder_version=\u00bb4.23.3&#8243; _module_preset=\u00bbaf9ed68b-7654-4638-97bc-c287ef23d093&#8243; global_colors_info=\u00bb{}\u00bb]<\/p>\n<p>Identificamos y evaluamos, los riesgos, la<br \/>implementaci\u00f3n de sus sistemas de gesti\u00f3n<br \/>de seguridad, capacitamos y formamos a sus<br \/>trabajadores, en funci\u00f3n de las necesidades<br \/>en su lugar de trabajo. Inculcamos el<br \/>autocuidado de su salud, la disciplina y la<br \/>conciencia del riesgo.<\/p>\n<p>[\/et_pb_text][et_pb_button button_url=\u00bbhttps:\/\/aqualabprojects.cl\/index.php\/contacto\/\u00bb button_text=\u00bbCont\u00e1ctanos\u00bb _builder_version=\u00bb4.23.3&#8243; _module_preset=\u00bb01f315fd-aee5-462f-95bd-f21d365cb494&#8243; global_colors_info=\u00bb{}\u00bb][\/et_pb_button][\/et_pb_column][\/et_pb_row][\/et_pb_section]<\/p>\n<div class=\"pvc_clear\"><\/div>\n<p id=\"pvc_stats_271671\" class=\"pvc_stats total_only  \" data-element-id=\"271671\" style=\"\"><i class=\"pvc-stats-icon medium\" aria-hidden=\"true\"><svg aria-hidden=\"true\" focusable=\"false\" data-prefix=\"far\" data-icon=\"chart-bar\" role=\"img\" xmlns=\"http:\/\/www.w3.org\/2000\/svg\" viewBox=\"0 0 512 512\" class=\"svg-inline--fa fa-chart-bar fa-w-16 fa-2x\"><path fill=\"currentColor\" d=\"M396.8 352h22.4c6.4 0 12.8-6.4 12.8-12.8V108.8c0-6.4-6.4-12.8-12.8-12.8h-22.4c-6.4 0-12.8 6.4-12.8 12.8v230.4c0 6.4 6.4 12.8 12.8 12.8zm-192 0h22.4c6.4 0 12.8-6.4 12.8-12.8V140.8c0-6.4-6.4-12.8-12.8-12.8h-22.4c-6.4 0-12.8 6.4-12.8 12.8v198.4c0 6.4 6.4 12.8 12.8 12.8zm96 0h22.4c6.4 0 12.8-6.4 12.8-12.8V204.8c0-6.4-6.4-12.8-12.8-12.8h-22.4c-6.4 0-12.8 6.4-12.8 12.8v134.4c0 6.4 6.4 12.8 12.8 12.8zM496 400H48V80c0-8.84-7.16-16-16-16H16C7.16 64 0 71.16 0 80v336c0 17.67 14.33 32 32 32h464c8.84 0 16-7.16 16-16v-16c0-8.84-7.16-16-16-16zm-387.2-48h22.4c6.4 0 12.8-6.4 12.8-12.8v-70.4c0-6.4-6.4-12.8-12.8-12.8h-22.4c-6.4 0-12.8 6.4-12.8 12.8v70.4c0 6.4 6.4 12.8 12.8 12.8z\" class=\"\"><\/path><\/svg><\/i> <img loading=\"lazy\" decoding=\"async\" width=\"16\" height=\"16\" alt=\"Loading\" src=\"https:\/\/aqualabprojects.cl\/wp-content\/plugins\/page-views-count\/ajax-loader-2x.gif\" border=0 \/><\/p>\n<div class=\"pvc_clear\"><\/div>\n","protected":false},"excerpt":{"rendered":"<p>ServiciosAsesor\u00edasAsesor\u00eda en investigaci\u00f3n Cient\u00edfica y Buenas Practicas Cl\u00ednicasEn investigaci\u00f3n cl\u00ednica nos centramos engarantizar la calidad de la investigaci\u00f3n,validar la metodolog\u00eda de an\u00e1lisis, y laintegridad de los resultados del estudio, enfunci\u00f3n de las normas y leyes vigentes. Sedebe asegurar que se cumplan losprincipios \u00e9ticos, y que el riesgo sea elm\u00ednimo esperado, junto con el m\u00e1ximobeneficio.Asesor\u00eda en [&hellip;]<\/p>\n<div class=\"pvc_clear\"><\/div>\n<p id=\"pvc_stats_271671\" class=\"pvc_stats total_only  \" data-element-id=\"271671\" style=\"\"><i class=\"pvc-stats-icon medium\" aria-hidden=\"true\"><svg aria-hidden=\"true\" focusable=\"false\" data-prefix=\"far\" data-icon=\"chart-bar\" role=\"img\" xmlns=\"http:\/\/www.w3.org\/2000\/svg\" viewBox=\"0 0 512 512\" class=\"svg-inline--fa fa-chart-bar fa-w-16 fa-2x\"><path fill=\"currentColor\" d=\"M396.8 352h22.4c6.4 0 12.8-6.4 12.8-12.8V108.8c0-6.4-6.4-12.8-12.8-12.8h-22.4c-6.4 0-12.8 6.4-12.8 12.8v230.4c0 6.4 6.4 12.8 12.8 12.8zm-192 0h22.4c6.4 0 12.8-6.4 12.8-12.8V140.8c0-6.4-6.4-12.8-12.8-12.8h-22.4c-6.4 0-12.8 6.4-12.8 12.8v198.4c0 6.4 6.4 12.8 12.8 12.8zm96 0h22.4c6.4 0 12.8-6.4 12.8-12.8V204.8c0-6.4-6.4-12.8-12.8-12.8h-22.4c-6.4 0-12.8 6.4-12.8 12.8v134.4c0 6.4 6.4 12.8 12.8 12.8zM496 400H48V80c0-8.84-7.16-16-16-16H16C7.16 64 0 71.16 0 80v336c0 17.67 14.33 32 32 32h464c8.84 0 16-7.16 16-16v-16c0-8.84-7.16-16-16-16zm-387.2-48h22.4c6.4 0 12.8-6.4 12.8-12.8v-70.4c0-6.4-6.4-12.8-12.8-12.8h-22.4c-6.4 0-12.8 6.4-12.8 12.8v70.4c0 6.4 6.4 12.8 12.8 12.8z\" class=\"\"><\/path><\/svg><\/i> <img loading=\"lazy\" decoding=\"async\" width=\"16\" height=\"16\" alt=\"Loading\" src=\"https:\/\/aqualabprojects.cl\/wp-content\/plugins\/page-views-count\/ajax-loader-2x.gif\" border=0 \/><\/p>\n<div class=\"pvc_clear\"><\/div>\n","protected":false},"author":1,"featured_media":0,"parent":0,"menu_order":0,"comment_status":"closed","ping_status":"closed","template":"","meta":{"_et_pb_use_builder":"on","_et_pb_old_content":"","_et_gb_content_width":"","footnotes":""},"class_list":["post-271671","page","type-page","status-publish","hentry"],"_links":{"self":[{"href":"https:\/\/aqualabprojects.cl\/index.php\/wp-json\/wp\/v2\/pages\/271671","targetHints":{"allow":["GET"]}}],"collection":[{"href":"https:\/\/aqualabprojects.cl\/index.php\/wp-json\/wp\/v2\/pages"}],"about":[{"href":"https:\/\/aqualabprojects.cl\/index.php\/wp-json\/wp\/v2\/types\/page"}],"author":[{"embeddable":true,"href":"https:\/\/aqualabprojects.cl\/index.php\/wp-json\/wp\/v2\/users\/1"}],"replies":[{"embeddable":true,"href":"https:\/\/aqualabprojects.cl\/index.php\/wp-json\/wp\/v2\/comments?post=271671"}],"version-history":[{"count":10,"href":"https:\/\/aqualabprojects.cl\/index.php\/wp-json\/wp\/v2\/pages\/271671\/revisions"}],"predecessor-version":[{"id":271895,"href":"https:\/\/aqualabprojects.cl\/index.php\/wp-json\/wp\/v2\/pages\/271671\/revisions\/271895"}],"wp:attachment":[{"href":"https:\/\/aqualabprojects.cl\/index.php\/wp-json\/wp\/v2\/media?parent=271671"}],"curies":[{"name":"wp","href":"https:\/\/api.w.org\/{rel}","templated":true}]}}